{"id":1186,"date":"2026-02-08T21:11:45","date_gmt":"2026-02-08T21:11:45","guid":{"rendered":"https:\/\/forbetterbeing.com\/?page_id=1186"},"modified":"2026-02-08T21:13:33","modified_gmt":"2026-02-08T21:13:33","slug":"testimonials","status":"publish","type":"page","link":"https:\/\/forbetterbeing.com\/index.php\/en\/testimonials\/","title":{"rendered":"Testimonials"},"content":{"rendered":"\n<div class=\"wp-block-media-text is-stacked-on-mobile\"><figure class=\"wp-block-media-text__media\"><img loading=\"lazy\" decoding=\"async\" width=\"1024\" height=\"683\" src=\"https:\/\/forbetterbeing.com\/wp-content\/uploads\/2015\/06\/joe_2_sm-1024x683.jpg\" alt=\"\" class=\"wp-image-423 size-full\" srcset=\"https:\/\/forbetterbeing.com\/wp-content\/uploads\/2015\/06\/joe_2_sm-1024x683.jpg 1024w, https:\/\/forbetterbeing.com\/wp-content\/uploads\/2015\/06\/joe_2_sm-300x200.jpg 300w, https:\/\/forbetterbeing.com\/wp-content\/uploads\/2015\/06\/joe_2_sm-768x512.jpg 768w, https:\/\/forbetterbeing.com\/wp-content\/uploads\/2015\/06\/joe_2_sm.jpg 1784w\" sizes=\"auto, (max-width: 1024px) 100vw, 1024px\" \/><\/figure><div class=\"wp-block-media-text__content\">\n<p>Dear Florie, your healing ability and care inspired me massively. Forever grateful. Love, Joe\u201d<\/p>\n\n\n\n<p><em>Joe VanNiekerk, Captain RCT<\/em><\/p>\n<\/div><\/div>\n\n\n\n<div class=\"wp-block-media-text has-media-on-the-right is-stacked-on-mobile\"><div class=\"wp-block-media-text__content\">\n<p>\u201cFlorence, thank you for keeping me healthy and mobile. Your massages have kept me going\u201d<\/p>\n\n\n\n<p class=\"has-text-align-left\"><em>Julie Swail Ertel, US Olympic Triathlon Team<\/em><\/p>\n<\/div><figure class=\"wp-block-media-text__media\"><img loading=\"lazy\" decoding=\"async\" width=\"730\" height=\"1024\" src=\"https:\/\/forbetterbeing.com\/wp-content\/uploads\/2015\/06\/julie-1-730x1024.jpg\" alt=\"\" class=\"wp-image-410 size-full\" srcset=\"https:\/\/forbetterbeing.com\/wp-content\/uploads\/2015\/06\/julie-1-730x1024.jpg 730w, https:\/\/forbetterbeing.com\/wp-content\/uploads\/2015\/06\/julie-1-214x300.jpg 214w, https:\/\/forbetterbeing.com\/wp-content\/uploads\/2015\/06\/julie-1-768x1077.jpg 768w\" sizes=\"auto, (max-width: 730px) 100vw, 730px\" \/><\/figure><\/div>\n\n\n\n<div class=\"wp-block-media-text is-stacked-on-mobile\" style=\"grid-template-columns:52% auto\"><figure class=\"wp-block-media-text__media\"><img loading=\"lazy\" decoding=\"async\" width=\"592\" height=\"467\" src=\"https:\/\/forbetterbeing.com\/wp-content\/uploads\/2016\/11\/shelley.jpg\" alt=\"Florence Debout - Shelly\" class=\"wp-image-552 size-full\" srcset=\"https:\/\/forbetterbeing.com\/wp-content\/uploads\/2016\/11\/shelley.jpg 592w, https:\/\/forbetterbeing.com\/wp-content\/uploads\/2016\/11\/shelley-300x237.jpg 300w\" sizes=\"auto, (max-width: 592px) 100vw, 592px\" \/><\/figure><div class=\"wp-block-media-text__content\">\n<p><em>Julie Swail Ertel, US Olympic Triathlon Team<\/em><\/p>\n\n\n\n<p>\u201cFlorence is a fantastic yoga teacher. Her knowledge of anatomy and understanding of alignment in postures (asana) allow each student to feel acknowledged as a unique individual and to participate actively in making each posture their own. Florence never forgets the philosophy that gives Yoga its special meaning. Her classes have allowed me to turn my sometimes-distracted mind into a clear and calm sense of unity of body, mind and spirit. I am sorry that we no longer live in the same country as I would have loved to continue practicing yoga with Florence.&nbsp;\u201c<\/p>\n\n\n\n<p><em>Shelley Wilkinson<\/em><\/p>\n<\/div><\/div>\n\n\n\n<div class=\"wp-block-media-text has-media-on-the-right is-stacked-on-mobile\"><div class=\"wp-block-media-text__content\">\n<p>\u201cFlo, thank you for your support, understanding, and healing touch!\u201d<\/p>\n\n\n\n<p>TC Valentine,&nbsp; Track Cyclist<\/p>\n<\/div><figure class=\"wp-block-media-text__media\"><img loading=\"lazy\" decoding=\"async\" width=\"1024\" height=\"729\" src=\"https:\/\/forbetterbeing.com\/wp-content\/uploads\/2016\/12\/TC-1-1-1024x729.jpg\" alt=\"Florence Debout - TC\" class=\"wp-image-628 size-full\" srcset=\"https:\/\/forbetterbeing.com\/wp-content\/uploads\/2016\/12\/TC-1-1-1024x729.jpg 1024w, https:\/\/forbetterbeing.com\/wp-content\/uploads\/2016\/12\/TC-1-1-300x214.jpg 300w, https:\/\/forbetterbeing.com\/wp-content\/uploads\/2016\/12\/TC-1-1-768x547.jpg 768w\" sizes=\"auto, (max-width: 1024px) 100vw, 1024px\" \/><\/figure><\/div>\n\n\n\n<div class=\"wp-block-media-text is-stacked-on-mobile\"><figure class=\"wp-block-media-text__media\"><img loading=\"lazy\" decoding=\"async\" width=\"728\" height=\"1024\" src=\"https:\/\/forbetterbeing.com\/wp-content\/uploads\/2016\/12\/suzanne-flow-2-728x1024.jpg\" alt=\"Florence Debout - Suzanne3\" class=\"wp-image-611 size-full\" srcset=\"https:\/\/forbetterbeing.com\/wp-content\/uploads\/2016\/12\/suzanne-flow-2-728x1024.jpg 728w, https:\/\/forbetterbeing.com\/wp-content\/uploads\/2016\/12\/suzanne-flow-2-213x300.jpg 213w, https:\/\/forbetterbeing.com\/wp-content\/uploads\/2016\/12\/suzanne-flow-2-768x1080.jpg 768w, https:\/\/forbetterbeing.com\/wp-content\/uploads\/2016\/12\/suzanne-flow-2.jpg 991w\" sizes=\"auto, (max-width: 728px) 100vw, 728px\" \/><\/figure><div class=\"wp-block-media-text__content\">\n<p>\u201cI ran my first marathon at age 50, even though I had never exercised. Three marathons later, I was barely progressing when Florence advised me to be smarter in my training by adding speedwork and more recovery. Under her coaching, I ran the next marathon two hours faster! I am now almost 65 and have various endurance events under my belt including a \u00bd Ironman triathlon. I have changed many aspects of my lifestyle thanks to Florence :&nbsp;&nbsp;I eat a healthy diet, I stretch, strengthen, and practice yoga regularly. Trusting that I can accomplish anything I set my mind to thanks to Florence\u2019s encouragements has given me back my self-confidence. But the best gift is in our mutual friendship, and I know that many more adventures await us! Thank you, Florence.\u201d<\/p>\n\n\n\n<p><em>Suzanne Shaffer,&nbsp;Triathlete&nbsp;<\/em><\/p>\n<\/div><\/div>\n\n\n\n<div class=\"wp-block-media-text has-media-on-the-right is-stacked-on-mobile\"><div class=\"wp-block-media-text__content\">\n<p>\u201cThank you for your great massages!\u201d<\/p>\n\n\n\n<p><em>Gwen J,&nbsp;Olympic silver medalist<\/em><\/p>\n<\/div><figure class=\"wp-block-media-text__media\"><img loading=\"lazy\" decoding=\"async\" width=\"781\" height=\"1024\" src=\"https:\/\/forbetterbeing.com\/wp-content\/uploads\/2016\/12\/gwen_sm-1-781x1024.jpg\" alt=\"Florence Debout - Gwen\" class=\"wp-image-625 size-full\" srcset=\"https:\/\/forbetterbeing.com\/wp-content\/uploads\/2016\/12\/gwen_sm-1-781x1024.jpg 781w, https:\/\/forbetterbeing.com\/wp-content\/uploads\/2016\/12\/gwen_sm-1-229x300.jpg 229w, https:\/\/forbetterbeing.com\/wp-content\/uploads\/2016\/12\/gwen_sm-1-768x1007.jpg 768w, https:\/\/forbetterbeing.com\/wp-content\/uploads\/2016\/12\/gwen_sm-1.jpg 1597w\" sizes=\"auto, (max-width: 781px) 100vw, 781px\" \/><\/figure><\/div>\n\n\n\n<div class=\"wp-block-media-text is-stacked-on-mobile\"><figure class=\"wp-block-media-text__media\"><img loading=\"lazy\" decoding=\"async\" width=\"815\" height=\"1024\" src=\"https:\/\/forbetterbeing.com\/wp-content\/uploads\/2016\/12\/swimer-815x1024.jpg\" alt=\"Florence Debout - Micheal\" class=\"wp-image-614 size-full\" srcset=\"https:\/\/forbetterbeing.com\/wp-content\/uploads\/2016\/12\/swimer-815x1024.jpg 815w, https:\/\/forbetterbeing.com\/wp-content\/uploads\/2016\/12\/swimer-239x300.jpg 239w, https:\/\/forbetterbeing.com\/wp-content\/uploads\/2016\/12\/swimer-768x965.jpg 768w, https:\/\/forbetterbeing.com\/wp-content\/uploads\/2016\/12\/swimer.jpg 1589w\" sizes=\"auto, (max-width: 815px) 100vw, 815px\" \/><\/figure><div class=\"wp-block-media-text__content\">\n<p>\u201cFlorence, thank you so much for keeping me healthy!\u201d<\/p>\n\n\n\n<p><em>Mike Collins, triathlete and swimming coach<\/em><\/p>\n<\/div><\/div>\n\n\n\n<div class=\"wp-block-media-text has-media-on-the-right is-stacked-on-mobile\"><div class=\"wp-block-media-text__content\">\n<p>\u00abFlorence Debout est une v\u00e9ritable th\u00e9rapeute holistique&nbsp;; elle travaille \u00e0 la connexion du corps et de l\u2019esprit avec chaque individu, et trouve des fa\u00e7ons de soulager le stress \u00e0 travers les massages, le yoga, et un r\u00e9gime alimentaire et des exercices cibl\u00e9s. Son approche est personnalis\u00e9e selon les besoins de chacun et est incroyablement attentionn\u00e9e et bien pens\u00e9e. Son toucher m\u2019aide toujours \u00e0 aller mieux&nbsp;: je n\u2019ai jamais rencontr\u00e9 un autre masseur-th\u00e9rapeute capable de trouver tous mes d\u00e9s\u00e9quilibres et de les corriger. L\u2019approche ayurv\u00e9dique de Florence, \u00e0 travers ses recommandations di\u00e9t\u00e9tiques et de d\u00e9licieuses recettes, a \u00e9galement am\u00e9lior\u00e9 ma digestion. Elle est aussi un coach formidable&nbsp;; gr\u00e2ce \u00e0 Florence, j\u2019ai pu r\u00e9duire de fa\u00e7on remarquable mes heures d\u2019entra\u00eenement tout en am\u00e9liorant mes performances. Etre conseill\u00e9e par Florence m\u2019a aid\u00e9 \u00e0 \u00eatre plus \u00e9quilibr\u00e9e dans tous les domaines. Je ne peux que la recommander aussi bien en tant que th\u00e9rapeute-masseuse qu\u2019en tant que professeur, mais aussi et surtout je la recommande car c\u2019est une personne formidable.&nbsp;\u00bb<\/p>\n\n\n\n<p><em>Mash Glanville, Championne de raids et ultras trails<\/em><\/p>\n<\/div><figure class=\"wp-block-media-text__media\"><img loading=\"lazy\" decoding=\"async\" width=\"453\" height=\"365\" src=\"https:\/\/forbetterbeing.com\/wp-content\/uploads\/2016\/12\/pa-13.jpg\" alt=\"Florence Debout - PA\" class=\"wp-image-607 size-full\" srcset=\"https:\/\/forbetterbeing.com\/wp-content\/uploads\/2016\/12\/pa-13.jpg 453w, https:\/\/forbetterbeing.com\/wp-content\/uploads\/2016\/12\/pa-13-300x242.jpg 300w\" sizes=\"auto, (max-width: 453px) 100vw, 453px\" \/><\/figure><\/div>\n\n\n\n<div class=\"wp-block-media-text is-stacked-on-mobile\"><figure class=\"wp-block-media-text__media\"><img loading=\"lazy\" decoding=\"async\" width=\"640\" height=\"499\" src=\"https:\/\/forbetterbeing.com\/wp-content\/uploads\/2016\/12\/tri_folks.jpg\" alt=\"Florence Debout - tri_folks\" class=\"wp-image-618 size-full\" srcset=\"https:\/\/forbetterbeing.com\/wp-content\/uploads\/2016\/12\/tri_folks.jpg 640w, https:\/\/forbetterbeing.com\/wp-content\/uploads\/2016\/12\/tri_folks-300x234.jpg 300w\" sizes=\"auto, (max-width: 640px) 100vw, 640px\" \/><\/figure><div class=\"wp-block-media-text__content\">\n<p>\u201cFlorence, thank you for your \u201chand\u201d in getting us there. You rock\u201d<\/p>\n\n\n\n<p><em>Dave et Becky, triathletes<\/em><\/p>\n<\/div><\/div>\n\n\n\n<div class=\"wp-block-media-text has-media-on-the-right is-stacked-on-mobile\"><div class=\"wp-block-media-text__content\">\n<p>\u201cFlorence, knowing you gives me wings!\u201d<\/p>\n\n\n\n<p><em>Claudio, marathon runner<\/em><\/p>\n<\/div><figure class=\"wp-block-media-text__media\"><img loading=\"lazy\" decoding=\"async\" width=\"453\" height=\"640\" src=\"https:\/\/forbetterbeing.com\/wp-content\/uploads\/2016\/12\/runner_dude.jpg\" alt=\"Florence Debout - Claudio\" class=\"wp-image-610 size-full\" srcset=\"https:\/\/forbetterbeing.com\/wp-content\/uploads\/2016\/12\/runner_dude.jpg 453w, https:\/\/forbetterbeing.com\/wp-content\/uploads\/2016\/12\/runner_dude-212x300.jpg 212w\" sizes=\"auto, (max-width: 453px) 100vw, 453px\" \/><\/figure><\/div>\n\n\n\n<div class=\"wp-block-media-text is-stacked-on-mobile\"><figure class=\"wp-block-media-text__media\"><img loading=\"lazy\" decoding=\"async\" width=\"431\" height=\"640\" src=\"https:\/\/forbetterbeing.com\/wp-content\/uploads\/2016\/12\/tri_dude.jpg\" alt=\"Florence Debout - Randy\" class=\"wp-image-617 size-full\" srcset=\"https:\/\/forbetterbeing.com\/wp-content\/uploads\/2016\/12\/tri_dude.jpg 431w, https:\/\/forbetterbeing.com\/wp-content\/uploads\/2016\/12\/tri_dude-202x300.jpg 202w\" sizes=\"auto, (max-width: 431px) 100vw, 431px\" \/><\/figure><div class=\"wp-block-media-text__content\">\n<p>\u201cFlorence, thank you for your coaching and guidance in an awesome sport!\u201d<\/p>\n\n\n\n<p><em>Randy Stark,&nbsp;Chiropractor and Triathlete&nbsp;<\/em><\/p>\n<\/div><\/div>\n\n\n\n<div class=\"wp-block-media-text has-media-on-the-right is-stacked-on-mobile\"><div class=\"wp-block-media-text__content\">\n<p>\u201cFlo, thank you for going the extra mile\u201d<\/p>\n\n\n\n<p><em>Pat, marathon runner<\/em><\/p>\n<\/div><figure class=\"wp-block-media-text__media\"><img loading=\"lazy\" decoding=\"async\" width=\"456\" height=\"640\" src=\"https:\/\/forbetterbeing.com\/wp-content\/uploads\/2016\/12\/runner_dude_2.jpg\" alt=\"Florence Debout - Pat\" class=\"wp-image-609 size-full\" srcset=\"https:\/\/forbetterbeing.com\/wp-content\/uploads\/2016\/12\/runner_dude_2.jpg 456w, https:\/\/forbetterbeing.com\/wp-content\/uploads\/2016\/12\/runner_dude_2-214x300.jpg 214w\" sizes=\"auto, (max-width: 456px) 100vw, 456px\" \/><\/figure><\/div>\n\n\n\n<div class=\"wp-block-media-text is-stacked-on-mobile\"><figure class=\"wp-block-media-text__media\"><img loading=\"lazy\" decoding=\"async\" width=\"457\" height=\"640\" src=\"https:\/\/forbetterbeing.com\/wp-content\/uploads\/2016\/12\/tri_dude_2.jpg\" alt=\"Florence Debout - Don\" class=\"wp-image-616 size-full\" srcset=\"https:\/\/forbetterbeing.com\/wp-content\/uploads\/2016\/12\/tri_dude_2.jpg 457w, https:\/\/forbetterbeing.com\/wp-content\/uploads\/2016\/12\/tri_dude_2-214x300.jpg 214w\" sizes=\"auto, (max-width: 457px) 100vw, 457px\" \/><\/figure><div class=\"wp-block-media-text__content\">\n<p>\u201cYour strength, spirit, and kindness are an inspiration to everyone. Congratulations for all your achievements and thanks for all your help\u201d<\/p>\n\n\n\n<p><em>Dan, triathlete<\/em><\/p>\n<\/div><\/div>\n\n\n\n<div class=\"wp-block-media-text has-media-on-the-right is-stacked-on-mobile\"><div class=\"wp-block-media-text__content\">\n<p>\u201cThank you for all the great massages Florence\u201d<\/p>\n\n\n\n<p><em>Randy,&nbsp;surfe<\/em>r<\/p>\n<\/div><figure class=\"wp-block-media-text__media\"><img loading=\"lazy\" decoding=\"async\" width=\"1024\" height=\"794\" src=\"https:\/\/forbetterbeing.com\/wp-content\/uploads\/2016\/12\/surfer-1-1-1024x794.jpg\" alt=\"\" class=\"wp-image-627 size-full\" srcset=\"https:\/\/forbetterbeing.com\/wp-content\/uploads\/2016\/12\/surfer-1-1-1024x794.jpg 1024w, https:\/\/forbetterbeing.com\/wp-content\/uploads\/2016\/12\/surfer-1-1-300x233.jpg 300w, https:\/\/forbetterbeing.com\/wp-content\/uploads\/2016\/12\/surfer-1-1-768x595.jpg 768w\" sizes=\"auto, (max-width: 1024px) 100vw, 1024px\" \/><\/figure><\/div>\n\n\n\n<div class=\"wp-block-media-text is-stacked-on-mobile\"><figure class=\"wp-block-media-text__media\"><img loading=\"lazy\" decoding=\"async\" width=\"639\" height=\"640\" src=\"https:\/\/forbetterbeing.com\/wp-content\/uploads\/2016\/12\/chad-2-1.jpg\" alt=\"Florence Debout - Chad2\" class=\"wp-image-624 size-full\" srcset=\"https:\/\/forbetterbeing.com\/wp-content\/uploads\/2016\/12\/chad-2-1.jpg 639w, https:\/\/forbetterbeing.com\/wp-content\/uploads\/2016\/12\/chad-2-1-150x150.jpg 150w, https:\/\/forbetterbeing.com\/wp-content\/uploads\/2016\/12\/chad-2-1-300x300.jpg 300w\" sizes=\"auto, (max-width: 639px) 100vw, 639px\" \/><\/figure><div class=\"wp-block-media-text__content\">\n<p>\u00abYou are the best!&nbsp;\u00bb<\/p>\n\n\n\n<p><em>Chad, Jiu-Jitsu<\/em><\/p>\n<\/div><\/div>\n\n\n\n<div class=\"wp-block-media-text has-media-on-the-right is-stacked-on-mobile\"><div class=\"wp-block-media-text__content\">\n<p>\u201cFlorence, thanks for keeping me and Roy healthy!\u201d<\/p>\n\n\n\n<p><em>Pat, K9<\/em><\/p>\n<\/div><figure class=\"wp-block-media-text__media\"><img loading=\"lazy\" decoding=\"async\" width=\"1024\" height=\"667\" src=\"https:\/\/forbetterbeing.com\/wp-content\/uploads\/2016\/12\/pat_roy-1-1-1024x667.jpg\" alt=\"Florence Debout - Roy\" class=\"wp-image-626 size-full\" srcset=\"https:\/\/forbetterbeing.com\/wp-content\/uploads\/2016\/12\/pat_roy-1-1-1024x667.jpg 1024w, https:\/\/forbetterbeing.com\/wp-content\/uploads\/2016\/12\/pat_roy-1-1-300x195.jpg 300w, https:\/\/forbetterbeing.com\/wp-content\/uploads\/2016\/12\/pat_roy-1-1-768x500.jpg 768w\" sizes=\"auto, (max-width: 1024px) 100vw, 1024px\" \/><\/figure><\/div>\n\n\n\n<p><\/p>\n","protected":false},"excerpt":{"rendered":"<p>Dear Florie, your healing ability and care inspired me massively. Forever grateful. Love, Joe\u201d Joe VanNiekerk, Captain RCT \u201cFlorence, thank you for keeping me healthy and mobile. Your massages have kept me going\u201d Julie Swail Ertel, US Olympic Triathlon Team Julie Swail Ertel, US Olympic Triathlon Team \u201cFlorence is a fantastic yoga teacher. Her knowledge &hellip; <a href=\"https:\/\/forbetterbeing.com\/index.php\/en\/testimonials\/\" class=\"more-link\">Continue reading <span class=\"screen-reader-text\">Testimonials<\/span> <span class=\"meta-nav\">&rarr;<\/span><\/a><\/p>\n","protected":false},"author":1,"featured_media":0,"parent":0,"menu_order":0,"comment_status":"closed","ping_status":"closed","template":"","meta":{"footnotes":""},"class_list":["post-1186","page","type-page","status-publish","hentry"],"yoast_head":"<!-- This site is optimized with the Yoast SEO plugin v27.3 - https:\/\/yoast.com\/product\/yoast-seo-wordpress\/ -->\n<title>Testimonials - Mieux \u00eatre<\/title>\n<meta name=\"robots\" content=\"index, follow, max-snippet:-1, max-image-preview:large, max-video-preview:-1\" \/>\n<link rel=\"canonical\" href=\"https:\/\/forbetterbeing.com\/index.php\/en\/testimonials\/\" \/>\n<meta property=\"og:locale\" content=\"en_US\" \/>\n<meta property=\"og:type\" content=\"article\" \/>\n<meta property=\"og:title\" content=\"Testimonials - Mieux \u00eatre\" \/>\n<meta property=\"og:description\" content=\"Dear Florie, your healing ability and care inspired me massively. Forever grateful. Love, Joe\u201d Joe VanNiekerk, Captain RCT \u201cFlorence, thank you for keeping me healthy and mobile. Your massages have kept me going\u201d Julie Swail Ertel, US Olympic Triathlon Team Julie Swail Ertel, US Olympic Triathlon Team \u201cFlorence is a fantastic yoga teacher. Her knowledge &hellip; Continue reading Testimonials &rarr;\" \/>\n<meta property=\"og:url\" content=\"https:\/\/forbetterbeing.com\/index.php\/en\/testimonials\/\" \/>\n<meta property=\"og:site_name\" content=\"Mieux \u00eatre\" \/>\n<meta property=\"article:modified_time\" content=\"2026-02-08T21:13:33+00:00\" \/>\n<meta property=\"og:image\" content=\"https:\/\/forbetterbeing.com\/wp-content\/uploads\/2015\/06\/joe_2_sm.jpg\" \/>\n\t<meta property=\"og:image:width\" content=\"1784\" \/>\n\t<meta property=\"og:image:height\" content=\"1190\" \/>\n\t<meta property=\"og:image:type\" content=\"image\/jpeg\" \/>\n<meta name=\"twitter:card\" content=\"summary_large_image\" \/>\n<meta name=\"twitter:label1\" content=\"Est. reading time\" \/>\n\t<meta name=\"twitter:data1\" content=\"6 minutes\" \/>\n<script type=\"application\/ld+json\" class=\"yoast-schema-graph\">{\"@context\":\"https:\\\/\\\/schema.org\",\"@graph\":[{\"@type\":\"WebPage\",\"@id\":\"https:\\\/\\\/forbetterbeing.com\\\/index.php\\\/en\\\/testimonials\\\/\",\"url\":\"https:\\\/\\\/forbetterbeing.com\\\/index.php\\\/en\\\/testimonials\\\/\",\"name\":\"Testimonials - Mieux \u00eatre\",\"isPartOf\":{\"@id\":\"https:\\\/\\\/forbetterbeing.com\\\/#website\"},\"primaryImageOfPage\":{\"@id\":\"https:\\\/\\\/forbetterbeing.com\\\/index.php\\\/en\\\/testimonials\\\/#primaryimage\"},\"image\":{\"@id\":\"https:\\\/\\\/forbetterbeing.com\\\/index.php\\\/en\\\/testimonials\\\/#primaryimage\"},\"thumbnailUrl\":\"https:\\\/\\\/forbetterbeing.com\\\/wp-content\\\/uploads\\\/2015\\\/06\\\/joe_2_sm-1024x683.jpg\",\"datePublished\":\"2026-02-08T21:11:45+00:00\",\"dateModified\":\"2026-02-08T21:13:33+00:00\",\"breadcrumb\":{\"@id\":\"https:\\\/\\\/forbetterbeing.com\\\/index.php\\\/en\\\/testimonials\\\/#breadcrumb\"},\"inLanguage\":\"en-US\",\"potentialAction\":[{\"@type\":\"ReadAction\",\"target\":[\"https:\\\/\\\/forbetterbeing.com\\\/index.php\\\/en\\\/testimonials\\\/\"]}]},{\"@type\":\"ImageObject\",\"inLanguage\":\"en-US\",\"@id\":\"https:\\\/\\\/forbetterbeing.com\\\/index.php\\\/en\\\/testimonials\\\/#primaryimage\",\"url\":\"https:\\\/\\\/forbetterbeing.com\\\/wp-content\\\/uploads\\\/2015\\\/06\\\/joe_2_sm.jpg\",\"contentUrl\":\"https:\\\/\\\/forbetterbeing.com\\\/wp-content\\\/uploads\\\/2015\\\/06\\\/joe_2_sm.jpg\",\"width\":1784,\"height\":1190},{\"@type\":\"BreadcrumbList\",\"@id\":\"https:\\\/\\\/forbetterbeing.com\\\/index.php\\\/en\\\/testimonials\\\/#breadcrumb\",\"itemListElement\":[{\"@type\":\"ListItem\",\"position\":1,\"name\":\"Home\",\"item\":\"https:\\\/\\\/forbetterbeing.com\\\/index.php\\\/en\\\/home\\\/\"},{\"@type\":\"ListItem\",\"position\":2,\"name\":\"Testimonials\"}]},{\"@type\":\"WebSite\",\"@id\":\"https:\\\/\\\/forbetterbeing.com\\\/#website\",\"url\":\"https:\\\/\\\/forbetterbeing.com\\\/\",\"name\":\"Mieux \u00eatre\",\"description\":\"Massage, Yoga, Mindfulness\",\"publisher\":{\"@id\":\"https:\\\/\\\/forbetterbeing.com\\\/#\\\/schema\\\/person\\\/a726b0b7f0859b6cbd3e347c25a08642\"},\"potentialAction\":[{\"@type\":\"SearchAction\",\"target\":{\"@type\":\"EntryPoint\",\"urlTemplate\":\"https:\\\/\\\/forbetterbeing.com\\\/?s={search_term_string}\"},\"query-input\":{\"@type\":\"PropertyValueSpecification\",\"valueRequired\":true,\"valueName\":\"search_term_string\"}}],\"inLanguage\":\"en-US\"},{\"@type\":[\"Person\",\"Organization\"],\"@id\":\"https:\\\/\\\/forbetterbeing.com\\\/#\\\/schema\\\/person\\\/a726b0b7f0859b6cbd3e347c25a08642\",\"name\":\"wingedprincess\",\"image\":{\"@type\":\"ImageObject\",\"inLanguage\":\"en-US\",\"@id\":\"https:\\\/\\\/secure.gravatar.com\\\/avatar\\\/4f237bb229c5fccbb1ce1a6c89dd0f1852cc8b6a835b0aa52fbd0ba65345127d?s=96&d=mm&r=g\",\"url\":\"https:\\\/\\\/secure.gravatar.com\\\/avatar\\\/4f237bb229c5fccbb1ce1a6c89dd0f1852cc8b6a835b0aa52fbd0ba65345127d?s=96&d=mm&r=g\",\"contentUrl\":\"https:\\\/\\\/secure.gravatar.com\\\/avatar\\\/4f237bb229c5fccbb1ce1a6c89dd0f1852cc8b6a835b0aa52fbd0ba65345127d?s=96&d=mm&r=g\",\"caption\":\"wingedprincess\"},\"logo\":{\"@id\":\"https:\\\/\\\/secure.gravatar.com\\\/avatar\\\/4f237bb229c5fccbb1ce1a6c89dd0f1852cc8b6a835b0aa52fbd0ba65345127d?s=96&d=mm&r=g\"}}]}<\/script>\n<!-- \/ Yoast SEO plugin. -->","yoast_head_json":{"title":"Testimonials - Mieux \u00eatre","robots":{"index":"index","follow":"follow","max-snippet":"max-snippet:-1","max-image-preview":"max-image-preview:large","max-video-preview":"max-video-preview:-1"},"canonical":"https:\/\/forbetterbeing.com\/index.php\/en\/testimonials\/","og_locale":"en_US","og_type":"article","og_title":"Testimonials - Mieux \u00eatre","og_description":"Dear Florie, your healing ability and care inspired me massively. Forever grateful. Love, Joe\u201d Joe VanNiekerk, Captain RCT \u201cFlorence, thank you for keeping me healthy and mobile. Your massages have kept me going\u201d Julie Swail Ertel, US Olympic Triathlon Team Julie Swail Ertel, US Olympic Triathlon Team \u201cFlorence is a fantastic yoga teacher. Her knowledge &hellip; Continue reading Testimonials &rarr;","og_url":"https:\/\/forbetterbeing.com\/index.php\/en\/testimonials\/","og_site_name":"Mieux \u00eatre","article_modified_time":"2026-02-08T21:13:33+00:00","og_image":[{"width":1784,"height":1190,"url":"https:\/\/forbetterbeing.com\/wp-content\/uploads\/2015\/06\/joe_2_sm.jpg","type":"image\/jpeg"}],"twitter_card":"summary_large_image","twitter_misc":{"Est. reading time":"6 minutes"},"schema":{"@context":"https:\/\/schema.org","@graph":[{"@type":"WebPage","@id":"https:\/\/forbetterbeing.com\/index.php\/en\/testimonials\/","url":"https:\/\/forbetterbeing.com\/index.php\/en\/testimonials\/","name":"Testimonials - Mieux \u00eatre","isPartOf":{"@id":"https:\/\/forbetterbeing.com\/#website"},"primaryImageOfPage":{"@id":"https:\/\/forbetterbeing.com\/index.php\/en\/testimonials\/#primaryimage"},"image":{"@id":"https:\/\/forbetterbeing.com\/index.php\/en\/testimonials\/#primaryimage"},"thumbnailUrl":"https:\/\/forbetterbeing.com\/wp-content\/uploads\/2015\/06\/joe_2_sm-1024x683.jpg","datePublished":"2026-02-08T21:11:45+00:00","dateModified":"2026-02-08T21:13:33+00:00","breadcrumb":{"@id":"https:\/\/forbetterbeing.com\/index.php\/en\/testimonials\/#breadcrumb"},"inLanguage":"en-US","potentialAction":[{"@type":"ReadAction","target":["https:\/\/forbetterbeing.com\/index.php\/en\/testimonials\/"]}]},{"@type":"ImageObject","inLanguage":"en-US","@id":"https:\/\/forbetterbeing.com\/index.php\/en\/testimonials\/#primaryimage","url":"https:\/\/forbetterbeing.com\/wp-content\/uploads\/2015\/06\/joe_2_sm.jpg","contentUrl":"https:\/\/forbetterbeing.com\/wp-content\/uploads\/2015\/06\/joe_2_sm.jpg","width":1784,"height":1190},{"@type":"BreadcrumbList","@id":"https:\/\/forbetterbeing.com\/index.php\/en\/testimonials\/#breadcrumb","itemListElement":[{"@type":"ListItem","position":1,"name":"Home","item":"https:\/\/forbetterbeing.com\/index.php\/en\/home\/"},{"@type":"ListItem","position":2,"name":"Testimonials"}]},{"@type":"WebSite","@id":"https:\/\/forbetterbeing.com\/#website","url":"https:\/\/forbetterbeing.com\/","name":"Mieux \u00eatre","description":"Massage, Yoga, Mindfulness","publisher":{"@id":"https:\/\/forbetterbeing.com\/#\/schema\/person\/a726b0b7f0859b6cbd3e347c25a08642"},"potentialAction":[{"@type":"SearchAction","target":{"@type":"EntryPoint","urlTemplate":"https:\/\/forbetterbeing.com\/?s={search_term_string}"},"query-input":{"@type":"PropertyValueSpecification","valueRequired":true,"valueName":"search_term_string"}}],"inLanguage":"en-US"},{"@type":["Person","Organization"],"@id":"https:\/\/forbetterbeing.com\/#\/schema\/person\/a726b0b7f0859b6cbd3e347c25a08642","name":"wingedprincess","image":{"@type":"ImageObject","inLanguage":"en-US","@id":"https:\/\/secure.gravatar.com\/avatar\/4f237bb229c5fccbb1ce1a6c89dd0f1852cc8b6a835b0aa52fbd0ba65345127d?s=96&d=mm&r=g","url":"https:\/\/secure.gravatar.com\/avatar\/4f237bb229c5fccbb1ce1a6c89dd0f1852cc8b6a835b0aa52fbd0ba65345127d?s=96&d=mm&r=g","contentUrl":"https:\/\/secure.gravatar.com\/avatar\/4f237bb229c5fccbb1ce1a6c89dd0f1852cc8b6a835b0aa52fbd0ba65345127d?s=96&d=mm&r=g","caption":"wingedprincess"},"logo":{"@id":"https:\/\/secure.gravatar.com\/avatar\/4f237bb229c5fccbb1ce1a6c89dd0f1852cc8b6a835b0aa52fbd0ba65345127d?s=96&d=mm&r=g"}}]}},"_links":{"self":[{"href":"https:\/\/forbetterbeing.com\/index.php\/wp-json\/wp\/v2\/pages\/1186","targetHints":{"allow":["GET"]}}],"collection":[{"href":"https:\/\/forbetterbeing.com\/index.php\/wp-json\/wp\/v2\/pages"}],"about":[{"href":"https:\/\/forbetterbeing.com\/index.php\/wp-json\/wp\/v2\/types\/page"}],"author":[{"embeddable":true,"href":"https:\/\/forbetterbeing.com\/index.php\/wp-json\/wp\/v2\/users\/1"}],"replies":[{"embeddable":true,"href":"https:\/\/forbetterbeing.com\/index.php\/wp-json\/wp\/v2\/comments?post=1186"}],"version-history":[{"count":2,"href":"https:\/\/forbetterbeing.com\/index.php\/wp-json\/wp\/v2\/pages\/1186\/revisions"}],"predecessor-version":[{"id":1189,"href":"https:\/\/forbetterbeing.com\/index.php\/wp-json\/wp\/v2\/pages\/1186\/revisions\/1189"}],"wp:attachment":[{"href":"https:\/\/forbetterbeing.com\/index.php\/wp-json\/wp\/v2\/media?parent=1186"}],"curies":[{"name":"wp","href":"https:\/\/api.w.org\/{rel}","templated":true}]}}