{"id":2,"date":"2015-05-30T21:01:06","date_gmt":"2015-05-30T21:01:06","guid":{"rendered":"http:\/\/forbetterbeing.com\/?page_id=2"},"modified":"2023-12-26T11:40:14","modified_gmt":"2023-12-26T11:40:14","slug":"home","status":"publish","type":"page","link":"https:\/\/forbetterbeing.com\/index.php\/en\/home\/","title":{"rendered":"Home"},"content":{"rendered":"<p><span style=\"font-size: revert;\"><a href=\"https:\/\/forbetterbeing.com\/wp-content\/uploads\/2015\/05\/bio_big.jpg\"><img loading=\"lazy\" decoding=\"async\" class=\"size-medium wp-image-473 alignright\" src=\"https:\/\/forbetterbeing.com\/wp-content\/uploads\/2015\/05\/bio_big-240x300.jpg\" alt=\"\" width=\"240\" height=\"300\" srcset=\"https:\/\/forbetterbeing.com\/wp-content\/uploads\/2015\/05\/bio_big-240x300.jpg 240w, https:\/\/forbetterbeing.com\/wp-content\/uploads\/2015\/05\/bio_big.jpg 500w\" sizes=\"auto, (max-width: 240px) 100vw, 240px\" \/><\/a><\/span><\/p>\n<p style=\"font-weight: 400;\">My name is Florence Debout and I am a Sports Massage Physiotherapist and a\u00a0Yoga Teacher. For the past twenty years, I have been living my<strong><em>\u00a0lifelong passion: helping others optimize their health and enjoy ease of movement throughout their lives.<\/em><\/strong><\/p>\n<p style=\"font-weight: 400;\">I started my career taking care of world class athletes such as the triathletes on team USA, and was a private Physiotherapist for the top five players of France\u2019s premier professional Rugby team, RCT. I facilitate Mindfulness seminars for the UN. However, seeing a beginner cross the finish line of a 5K or knowing that a local artisan was able to enjoy his first pain-free day in years gives me the same rush of happiness than when I support an athlete at the Olympic games.<\/p>\n<p style=\"font-weight: 400;\">Our health is our most precious gift. \u00a0<strong><em>Massage, Yoga, and Mindfulness are positive tools that allow us to become active participants in our physical and mental well-being<\/em><\/strong>. I am looking forward to meeting and supporting you, whatever your goals and needs might be.<\/p>\n<p style=\"font-weight: 400;\"><strong>\u201cThe best way to find yourself is to lose yourself in the service of others\u201d-<\/strong><strong>Mahatma\u00a0<\/strong><em><strong>Gandhi<\/strong><\/em><strong>\u00a0<\/strong><\/p>\n<p><a href=\"https:\/\/forbetterbeing.com\/wp-content\/uploads\/2015\/05\/amta.png\"><img class=\"alignnone &lt;a href=\" \/><img loading=\"lazy\" decoding=\"async\" class=\"wp-image-180 aligncenter\" src=\"https:\/\/forbetterbeing.com\/wp-content\/uploads\/2015\/05\/amta-300x83.png\" alt=\"amta\" width=\"144\" height=\"40\" srcset=\"https:\/\/forbetterbeing.com\/wp-content\/uploads\/2015\/05\/amta-300x83.png 300w, https:\/\/forbetterbeing.com\/wp-content\/uploads\/2015\/05\/amta.png 552w\" sizes=\"auto, (max-width: 144px) 100vw, 144px\" \/><\/a><a href=\"https:\/\/forbetterbeing.com\/wp-content\/uploads\/2015\/05\/Ayruveda.png\"><img loading=\"lazy\" decoding=\"async\" class=\"wp-image-179 aligncenter\" src=\"https:\/\/forbetterbeing.com\/wp-content\/uploads\/2015\/05\/Ayruveda.png\" alt=\"ayruveda\" width=\"99\" height=\"40\" \/><\/a><img loading=\"lazy\" decoding=\"async\" class=\"wp-image-151 aligncenter\" src=\"https:\/\/forbetterbeing.com\/wp-content\/uploads\/2015\/06\/yoga_alience.png\" alt=\"yoga_alience\" width=\"90\" height=\"40\" \/><\/p>\n","protected":false},"excerpt":{"rendered":"<p>My name is Florence Debout and I am a Sports Massage Physiotherapist and a\u00a0Yoga Teacher. For the past twenty years, I have been living my\u00a0lifelong passion: helping others optimize their health and enjoy ease of movement throughout their lives. I started my career taking care of world class athletes such as the triathletes on team &hellip; <a href=\"https:\/\/forbetterbeing.com\/index.php\/en\/home\/\" class=\"more-link\">Continue reading <span class=\"screen-reader-text\">Home<\/span> <span class=\"meta-nav\">&rarr;<\/span><\/a><\/p>\n","protected":false},"author":1,"featured_media":0,"parent":0,"menu_order":1,"comment_status":"open","ping_status":"closed","template":"","meta":{"footnotes":""},"class_list":["post-2","page","type-page","status-publish","hentry"],"yoast_head":"<!-- This site is optimized with the Yoast SEO plugin v27.3 - https:\/\/yoast.com\/product\/yoast-seo-wordpress\/ -->\n<title>Home - Mieux \u00eatre<\/title>\n<meta name=\"description\" content=\"Florence Debout a Sports Massage Physiotherapist and a\u00a0Yoga Teacher. Anga\u00efs, Pyr\u00e9n\u00e9es-Atlantiques, France. Optimizing health\" \/>\n<meta name=\"robots\" content=\"index, follow, max-snippet:-1, max-image-preview:large, max-video-preview:-1\" \/>\n<link rel=\"canonical\" href=\"https:\/\/forbetterbeing.com\/index.php\/en\/home\/\" \/>\n<meta property=\"og:locale\" content=\"en_US\" \/>\n<meta property=\"og:type\" content=\"article\" \/>\n<meta property=\"og:title\" content=\"Home - Mieux \u00eatre\" \/>\n<meta property=\"og:description\" content=\"Florence Debout a Sports Massage Physiotherapist and a\u00a0Yoga Teacher. Anga\u00efs, Pyr\u00e9n\u00e9es-Atlantiques, France. Optimizing health\" \/>\n<meta property=\"og:url\" content=\"https:\/\/forbetterbeing.com\/index.php\/en\/home\/\" \/>\n<meta property=\"og:site_name\" content=\"Mieux \u00eatre\" \/>\n<meta property=\"article:modified_time\" content=\"2023-12-26T11:40:14+00:00\" \/>\n<meta property=\"og:image\" content=\"https:\/\/forbetterbeing.com\/wp-content\/uploads\/2015\/05\/bio_big-240x300.jpg\" \/>\n<meta name=\"twitter:card\" content=\"summary_large_image\" \/>\n<meta name=\"twitter:label1\" content=\"Est. reading time\" \/>\n\t<meta name=\"twitter:data1\" content=\"2 minutes\" \/>\n<script type=\"application\/ld+json\" class=\"yoast-schema-graph\">{\"@context\":\"https:\\\/\\\/schema.org\",\"@graph\":[{\"@type\":\"WebPage\",\"@id\":\"https:\\\/\\\/forbetterbeing.com\\\/index.php\\\/en\\\/home\\\/\",\"url\":\"https:\\\/\\\/forbetterbeing.com\\\/index.php\\\/en\\\/home\\\/\",\"name\":\"Home - Mieux \u00eatre\",\"isPartOf\":{\"@id\":\"https:\\\/\\\/forbetterbeing.com\\\/#website\"},\"primaryImageOfPage\":{\"@id\":\"https:\\\/\\\/forbetterbeing.com\\\/index.php\\\/en\\\/home\\\/#primaryimage\"},\"image\":{\"@id\":\"https:\\\/\\\/forbetterbeing.com\\\/index.php\\\/en\\\/home\\\/#primaryimage\"},\"thumbnailUrl\":\"https:\\\/\\\/forbetterbeing.com\\\/wp-content\\\/uploads\\\/2015\\\/05\\\/bio_big-240x300.jpg\",\"datePublished\":\"2015-05-30T21:01:06+00:00\",\"dateModified\":\"2023-12-26T11:40:14+00:00\",\"description\":\"Florence Debout a Sports Massage Physiotherapist and a\u00a0Yoga Teacher. Anga\u00efs, Pyr\u00e9n\u00e9es-Atlantiques, France. Optimizing health\",\"breadcrumb\":{\"@id\":\"https:\\\/\\\/forbetterbeing.com\\\/index.php\\\/en\\\/home\\\/#breadcrumb\"},\"inLanguage\":\"en-US\",\"potentialAction\":[{\"@type\":\"ReadAction\",\"target\":[\"https:\\\/\\\/forbetterbeing.com\\\/index.php\\\/en\\\/home\\\/\"]}]},{\"@type\":\"ImageObject\",\"inLanguage\":\"en-US\",\"@id\":\"https:\\\/\\\/forbetterbeing.com\\\/index.php\\\/en\\\/home\\\/#primaryimage\",\"url\":\"https:\\\/\\\/forbetterbeing.com\\\/wp-content\\\/uploads\\\/2015\\\/05\\\/bio_big.jpg\",\"contentUrl\":\"https:\\\/\\\/forbetterbeing.com\\\/wp-content\\\/uploads\\\/2015\\\/05\\\/bio_big.jpg\",\"width\":500,\"height\":625},{\"@type\":\"BreadcrumbList\",\"@id\":\"https:\\\/\\\/forbetterbeing.com\\\/index.php\\\/en\\\/home\\\/#breadcrumb\",\"itemListElement\":[{\"@type\":\"ListItem\",\"position\":1,\"name\":\"Home\",\"item\":\"https:\\\/\\\/forbetterbeing.com\\\/index.php\\\/en\\\/home\\\/\"},{\"@type\":\"ListItem\",\"position\":2,\"name\":\"Home\"}]},{\"@type\":\"WebSite\",\"@id\":\"https:\\\/\\\/forbetterbeing.com\\\/#website\",\"url\":\"https:\\\/\\\/forbetterbeing.com\\\/\",\"name\":\"Mieux \u00eatre\",\"description\":\"Massage, Yoga, Mindfulness\",\"publisher\":{\"@id\":\"https:\\\/\\\/forbetterbeing.com\\\/#\\\/schema\\\/person\\\/a726b0b7f0859b6cbd3e347c25a08642\"},\"potentialAction\":[{\"@type\":\"SearchAction\",\"target\":{\"@type\":\"EntryPoint\",\"urlTemplate\":\"https:\\\/\\\/forbetterbeing.com\\\/?s={search_term_string}\"},\"query-input\":{\"@type\":\"PropertyValueSpecification\",\"valueRequired\":true,\"valueName\":\"search_term_string\"}}],\"inLanguage\":\"en-US\"},{\"@type\":[\"Person\",\"Organization\"],\"@id\":\"https:\\\/\\\/forbetterbeing.com\\\/#\\\/schema\\\/person\\\/a726b0b7f0859b6cbd3e347c25a08642\",\"name\":\"wingedprincess\",\"image\":{\"@type\":\"ImageObject\",\"inLanguage\":\"en-US\",\"@id\":\"https:\\\/\\\/secure.gravatar.com\\\/avatar\\\/4f237bb229c5fccbb1ce1a6c89dd0f1852cc8b6a835b0aa52fbd0ba65345127d?s=96&d=mm&r=g\",\"url\":\"https:\\\/\\\/secure.gravatar.com\\\/avatar\\\/4f237bb229c5fccbb1ce1a6c89dd0f1852cc8b6a835b0aa52fbd0ba65345127d?s=96&d=mm&r=g\",\"contentUrl\":\"https:\\\/\\\/secure.gravatar.com\\\/avatar\\\/4f237bb229c5fccbb1ce1a6c89dd0f1852cc8b6a835b0aa52fbd0ba65345127d?s=96&d=mm&r=g\",\"caption\":\"wingedprincess\"},\"logo\":{\"@id\":\"https:\\\/\\\/secure.gravatar.com\\\/avatar\\\/4f237bb229c5fccbb1ce1a6c89dd0f1852cc8b6a835b0aa52fbd0ba65345127d?s=96&d=mm&r=g\"}}]}<\/script>\n<!-- \/ Yoast SEO plugin. -->","yoast_head_json":{"title":"Home - Mieux \u00eatre","description":"Florence Debout a Sports Massage Physiotherapist and a\u00a0Yoga Teacher. Anga\u00efs, Pyr\u00e9n\u00e9es-Atlantiques, France. Optimizing health","robots":{"index":"index","follow":"follow","max-snippet":"max-snippet:-1","max-image-preview":"max-image-preview:large","max-video-preview":"max-video-preview:-1"},"canonical":"https:\/\/forbetterbeing.com\/index.php\/en\/home\/","og_locale":"en_US","og_type":"article","og_title":"Home - Mieux \u00eatre","og_description":"Florence Debout a Sports Massage Physiotherapist and a\u00a0Yoga Teacher. Anga\u00efs, Pyr\u00e9n\u00e9es-Atlantiques, France. Optimizing health","og_url":"https:\/\/forbetterbeing.com\/index.php\/en\/home\/","og_site_name":"Mieux \u00eatre","article_modified_time":"2023-12-26T11:40:14+00:00","og_image":[{"url":"https:\/\/forbetterbeing.com\/wp-content\/uploads\/2015\/05\/bio_big-240x300.jpg","type":"","width":"","height":""}],"twitter_card":"summary_large_image","twitter_misc":{"Est. reading time":"2 minutes"},"schema":{"@context":"https:\/\/schema.org","@graph":[{"@type":"WebPage","@id":"https:\/\/forbetterbeing.com\/index.php\/en\/home\/","url":"https:\/\/forbetterbeing.com\/index.php\/en\/home\/","name":"Home - Mieux \u00eatre","isPartOf":{"@id":"https:\/\/forbetterbeing.com\/#website"},"primaryImageOfPage":{"@id":"https:\/\/forbetterbeing.com\/index.php\/en\/home\/#primaryimage"},"image":{"@id":"https:\/\/forbetterbeing.com\/index.php\/en\/home\/#primaryimage"},"thumbnailUrl":"https:\/\/forbetterbeing.com\/wp-content\/uploads\/2015\/05\/bio_big-240x300.jpg","datePublished":"2015-05-30T21:01:06+00:00","dateModified":"2023-12-26T11:40:14+00:00","description":"Florence Debout a Sports Massage Physiotherapist and a\u00a0Yoga Teacher. Anga\u00efs, Pyr\u00e9n\u00e9es-Atlantiques, France. Optimizing health","breadcrumb":{"@id":"https:\/\/forbetterbeing.com\/index.php\/en\/home\/#breadcrumb"},"inLanguage":"en-US","potentialAction":[{"@type":"ReadAction","target":["https:\/\/forbetterbeing.com\/index.php\/en\/home\/"]}]},{"@type":"ImageObject","inLanguage":"en-US","@id":"https:\/\/forbetterbeing.com\/index.php\/en\/home\/#primaryimage","url":"https:\/\/forbetterbeing.com\/wp-content\/uploads\/2015\/05\/bio_big.jpg","contentUrl":"https:\/\/forbetterbeing.com\/wp-content\/uploads\/2015\/05\/bio_big.jpg","width":500,"height":625},{"@type":"BreadcrumbList","@id":"https:\/\/forbetterbeing.com\/index.php\/en\/home\/#breadcrumb","itemListElement":[{"@type":"ListItem","position":1,"name":"Home","item":"https:\/\/forbetterbeing.com\/index.php\/en\/home\/"},{"@type":"ListItem","position":2,"name":"Home"}]},{"@type":"WebSite","@id":"https:\/\/forbetterbeing.com\/#website","url":"https:\/\/forbetterbeing.com\/","name":"Mieux \u00eatre","description":"Massage, Yoga, Mindfulness","publisher":{"@id":"https:\/\/forbetterbeing.com\/#\/schema\/person\/a726b0b7f0859b6cbd3e347c25a08642"},"potentialAction":[{"@type":"SearchAction","target":{"@type":"EntryPoint","urlTemplate":"https:\/\/forbetterbeing.com\/?s={search_term_string}"},"query-input":{"@type":"PropertyValueSpecification","valueRequired":true,"valueName":"search_term_string"}}],"inLanguage":"en-US"},{"@type":["Person","Organization"],"@id":"https:\/\/forbetterbeing.com\/#\/schema\/person\/a726b0b7f0859b6cbd3e347c25a08642","name":"wingedprincess","image":{"@type":"ImageObject","inLanguage":"en-US","@id":"https:\/\/secure.gravatar.com\/avatar\/4f237bb229c5fccbb1ce1a6c89dd0f1852cc8b6a835b0aa52fbd0ba65345127d?s=96&d=mm&r=g","url":"https:\/\/secure.gravatar.com\/avatar\/4f237bb229c5fccbb1ce1a6c89dd0f1852cc8b6a835b0aa52fbd0ba65345127d?s=96&d=mm&r=g","contentUrl":"https:\/\/secure.gravatar.com\/avatar\/4f237bb229c5fccbb1ce1a6c89dd0f1852cc8b6a835b0aa52fbd0ba65345127d?s=96&d=mm&r=g","caption":"wingedprincess"},"logo":{"@id":"https:\/\/secure.gravatar.com\/avatar\/4f237bb229c5fccbb1ce1a6c89dd0f1852cc8b6a835b0aa52fbd0ba65345127d?s=96&d=mm&r=g"}}]}},"_links":{"self":[{"href":"https:\/\/forbetterbeing.com\/index.php\/wp-json\/wp\/v2\/pages\/2","targetHints":{"allow":["GET"]}}],"collection":[{"href":"https:\/\/forbetterbeing.com\/index.php\/wp-json\/wp\/v2\/pages"}],"about":[{"href":"https:\/\/forbetterbeing.com\/index.php\/wp-json\/wp\/v2\/types\/page"}],"author":[{"embeddable":true,"href":"https:\/\/forbetterbeing.com\/index.php\/wp-json\/wp\/v2\/users\/1"}],"replies":[{"embeddable":true,"href":"https:\/\/forbetterbeing.com\/index.php\/wp-json\/wp\/v2\/comments?post=2"}],"version-history":[{"count":17,"href":"https:\/\/forbetterbeing.com\/index.php\/wp-json\/wp\/v2\/pages\/2\/revisions"}],"predecessor-version":[{"id":1138,"href":"https:\/\/forbetterbeing.com\/index.php\/wp-json\/wp\/v2\/pages\/2\/revisions\/1138"}],"wp:attachment":[{"href":"https:\/\/forbetterbeing.com\/index.php\/wp-json\/wp\/v2\/media?parent=2"}],"curies":[{"name":"wp","href":"https:\/\/api.w.org\/{rel}","templated":true}]}}