{"id":827,"date":"2022-03-26T13:17:22","date_gmt":"2022-03-26T13:17:22","guid":{"rendered":"https:\/\/forbetterbeing.com\/?page_id=827"},"modified":"2022-03-28T02:14:45","modified_gmt":"2022-03-28T02:14:45","slug":"ressources","status":"publish","type":"page","link":"https:\/\/forbetterbeing.com\/index.php\/fr\/ressources\/","title":{"rendered":"Ressources"},"content":{"rendered":"\n<h2 class=\"wp-block-heading\" id=\"ArticlesFr\">Articles<\/h2>\n\n\n\n<div class=\"wp-block-columns is-layout-flex wp-container-core-columns-is-layout-9d6595d7 wp-block-columns-is-layout-flex\">\n<div class=\"wp-block-column is-layout-flow wp-block-column-is-layout-flow\" style=\"flex-basis:66.66%\">\n<ul class=\"wp-block-list\"><li><a href=\"https:\/\/forbetterbeing.com\/index.php\/fr\/grignoter-ou-ne-pas-grignoter-la-perspective-ayurvedique\/\">Grignoter ou ne pas grignoter\u2026 La perspective Ayurv\u00e9dique<\/a><\/li><li><a href=\"https:\/\/forbetterbeing.com\/index.php\/fr\/une-introduction-aux-6-saveurs-selon-layurveda\/\">Envie de Chocolat ? La R\u00e9ponse Am\u00e8re. Une introduction aux 6 saveurs selon l\u2019Ayurveda<\/a><\/li><li><a href=\"https:\/\/forbetterbeing.com\/index.php\/fr\/ayurveda-petits-conseils-dautomne\/\">Ayurveda: petits conseils d\u2019automne<\/a><\/li><li><a href=\"https:\/\/forbetterbeing.com\/index.php\/fr\/petit-decrassage-de-printemps-selon-layurveda\/\">Petit \u00ab d\u00e9crassage \u00bb de printemps selon l\u2019Ayurveda<\/a><\/li><li><a href=\"https:\/\/forbetterbeing.com\/index.php\/fr\/antidotes-de-lete-selon-layurveda\/\">Antidotes de l\u2019\u00e9t\u00e9 selon l\u2019Ayurveda<\/a><\/li><li><a href=\"https:\/\/forbetterbeing.com\/wp-content\/uploads\/2016\/11\/yoga_et_sedentarite_fr-1.pdf\">Yoga et S\u00e9dentarit\u00e9, article de Metrofrance<\/a><\/li><li><a href=\"https:\/\/forbetterbeing.com\/wp-content\/uploads\/2016\/11\/thai_yoga_massage.pdf\">Thai yoga massage, article de Biocontact<\/a><\/li><li><a href=\"https:\/\/forbetterbeing.com\/index.php\/fr\/le-yoga-au-service-de-la-sante\/\">Le yoga au service de la sant\u00e9&nbsp;<\/a><\/li><li><a href=\"https:\/\/forbetterbeing.com\/index.php\/fr\/10-conseils-pour-favoriser-le-sommeil\/\">10 conseils pour favoriser le sommeil<\/a><\/li><li><a href=\"https:\/\/forbetterbeing.com\/index.php\/fr\/renforcer-limmunite-grace-aux-huiles-essentielles\/\">Renforcer l\u2019immunit\u00e9&nbsp;gr\u00e2ce aux huiles essentielles<\/a><\/li><li><a href=\"https:\/\/forbetterbeing.com\/index.php\/fr\/inspirez-expirez-expirez-encore\/\">Inspirez, expirez\u2026 Expirez encore!<\/a><\/li><li><a href=\"https:\/\/forbetterbeing.com\/index.php\/fr\/entretien_mathews\/\">Entretien avec Roland Mathews\u2026la m\u00e9thode Feldenkrais<\/a><\/li><\/ul>\n<\/div>\n\n\n\n<div class=\"wp-block-column is-layout-flow wp-block-column-is-layout-flow\" style=\"flex-basis:33.33%\">\n<figure class=\"wp-block-image size-medium\"><a href=\"https:\/\/forbetterbeing.com\/wp-content\/uploads\/2016\/11\/formation.jpg\"><img loading=\"lazy\" decoding=\"async\" width=\"225\" height=\"300\" src=\"https:\/\/forbetterbeing.com\/wp-content\/uploads\/2016\/11\/formation-225x300.jpg\" alt=\"Florence Debout - Hi\" class=\"wp-image-105\" srcset=\"https:\/\/forbetterbeing.com\/wp-content\/uploads\/2016\/11\/formation-225x300.jpg 225w, https:\/\/forbetterbeing.com\/wp-content\/uploads\/2016\/11\/formation.jpg 750w\" sizes=\"auto, (max-width: 225px) 100vw, 225px\" \/><\/a><\/figure>\n<\/div>\n<\/div>\n\n\n\n<h2 class=\"wp-block-heading\" id=\"RecettesFr\">Recettes<\/h2>\n\n\n\n<div class=\"wp-block-columns is-layout-flex wp-container-core-columns-is-layout-9d6595d7 wp-block-columns-is-layout-flex\">\n<div class=\"wp-block-column is-layout-flow wp-block-column-is-layout-flow\" style=\"flex-basis:66.66%\">\n<ul class=\"wp-block-list\"><li><a href=\"https:\/\/forbetterbeing.com\/index.php\/fr\/boisson-energetique-aux-6-saveurs\/\">Boisson \u00e9nerg\u00e9tique aux 6 saveurs<\/a><\/li><li><a href=\"https:\/\/forbetterbeing.com\/index.php\/fr\/recette-du-kapha-pour-le-printemps\/\">Infusion&nbsp;\u00ab Kapha \u00bb pour le printemps<\/a><\/li><li><a href=\"https:\/\/forbetterbeing.com\/index.php\/fr\/recettes-quatre-boissons-dete\/\">Quatre boissons rafraichissantes pour l\u2019\u00e9t\u00e9&nbsp;<\/a><\/li><li><a href=\"https:\/\/forbetterbeing.com\/index.php\/fr\/soupe-curry-coco\/\">Soupe Curry Coco<\/a><\/li><li><a href=\"https:\/\/forbetterbeing.com\/index.php\/fr\/boisson-dete-le-jus-de-pasteque\/\">Boisson d\u2019\u00e9t\u00e9&nbsp;: le jus de past\u00e8que<\/a><\/li><li><a href=\"https:\/\/forbetterbeing.com\/index.php\/fr\/boisson-nuit-paisible-le-lait-chaud-epice\/\">Boisson nuit paisible&nbsp;: le lait chaud \u00e9pic\u00e9<\/a><\/li><li><a href=\"https:\/\/forbetterbeing.com\/index.php\/fr\/infusion-ayurvedique-dhiver\/\">Infusion Ayurv\u00e9dique d\u2019hiver<\/a><\/li><\/ul>\n<\/div>\n\n\n\n<div class=\"wp-block-column is-layout-flow wp-block-column-is-layout-flow\" style=\"flex-basis:33.33%\">\n<figure class=\"wp-block-image size-medium is-resized\"><a href=\"https:\/\/forbetterbeing.com\/wp-content\/uploads\/2016\/11\/challenge.jpg\"><img loading=\"lazy\" decoding=\"async\" src=\"https:\/\/forbetterbeing.com\/wp-content\/uploads\/2016\/11\/challenge-201x300.jpg\" alt=\"Florence Debout - PA\" class=\"wp-image-94\" width=\"192\" height=\"286\" srcset=\"https:\/\/forbetterbeing.com\/wp-content\/uploads\/2016\/11\/challenge-201x300.jpg 201w, https:\/\/forbetterbeing.com\/wp-content\/uploads\/2016\/11\/challenge.jpg 322w\" sizes=\"auto, (max-width: 192px) 100vw, 192px\" \/><\/a><\/figure>\n<\/div>\n<\/div>\n\n\n\n<h2 class=\"wp-block-heading\" id=\"LiensFr\">Liens amis<\/h2>\n\n\n\n<ul class=\"wp-block-list\"><li><a href=\"http:\/\/www.amtamassage.org\/\">American Massage Therapy Association<\/a><\/li><li><a href=\"http:\/\/ayurvedanama.org\/\">NAMA National Ayurvedic Medical Association\u00a0<\/a><\/li><li><a href=\"http:\/\/www.ayurveda.com\/\">Ayurvedic Institute<\/a><\/li><li><a href=\"http:\/\/yogaalliance.org\/\">Yoga Alliance<\/a><\/li><li><a href=\"http:\/\/www.matthieuricard.org\/\">Matthieu Ricard\u00a0<\/a><\/li><\/ul>\n\n\n\n<p><\/p>\n","protected":false},"excerpt":{"rendered":"<p>Articles Grignoter ou ne pas grignoter\u2026 La perspective Ayurv\u00e9dique Envie de Chocolat ? La R\u00e9ponse Am\u00e8re. Une introduction aux 6 saveurs selon l\u2019Ayurveda Ayurveda: petits conseils d\u2019automne Petit \u00ab d\u00e9crassage \u00bb de printemps selon l\u2019Ayurveda Antidotes de l\u2019\u00e9t\u00e9 selon l\u2019Ayurveda Yoga et S\u00e9dentarit\u00e9, article de Metrofrance Thai yoga massage, article de Biocontact Le yoga au &hellip; <a href=\"https:\/\/forbetterbeing.com\/index.php\/fr\/ressources\/\" class=\"more-link\">Continue reading <span class=\"screen-reader-text\">Ressources<\/span> <span class=\"meta-nav\">&rarr;<\/span><\/a><\/p>\n","protected":false},"author":1,"featured_media":0,"parent":0,"menu_order":0,"comment_status":"closed","ping_status":"closed","template":"","meta":{"footnotes":""},"class_list":["post-827","page","type-page","status-publish","hentry"],"yoast_head":"<!-- This site is optimized with the Yoast SEO plugin v27.4 - https:\/\/yoast.com\/product\/yoast-seo-wordpress\/ -->\n<title>Ressources - Mieux \u00eatre<\/title>\n<meta name=\"robots\" content=\"index, follow, max-snippet:-1, max-image-preview:large, max-video-preview:-1\" \/>\n<link rel=\"canonical\" href=\"https:\/\/forbetterbeing.com\/index.php\/fr\/ressources\/\" \/>\n<meta property=\"og:locale\" content=\"en_US\" \/>\n<meta property=\"og:type\" content=\"article\" \/>\n<meta property=\"og:title\" content=\"Ressources - Mieux \u00eatre\" \/>\n<meta property=\"og:description\" content=\"Articles Grignoter ou ne pas grignoter\u2026 La perspective Ayurv\u00e9dique Envie de Chocolat ? La R\u00e9ponse Am\u00e8re. Une introduction aux 6 saveurs selon l\u2019Ayurveda Ayurveda: petits conseils d\u2019automne Petit \u00ab d\u00e9crassage \u00bb de printemps selon l\u2019Ayurveda Antidotes de l\u2019\u00e9t\u00e9 selon l\u2019Ayurveda Yoga et S\u00e9dentarit\u00e9, article de Metrofrance Thai yoga massage, article de Biocontact Le yoga au &hellip; Continue reading Ressources &rarr;\" \/>\n<meta property=\"og:url\" content=\"https:\/\/forbetterbeing.com\/index.php\/fr\/ressources\/\" \/>\n<meta property=\"og:site_name\" content=\"Mieux \u00eatre\" \/>\n<meta property=\"article:modified_time\" content=\"2022-03-28T02:14:45+00:00\" \/>\n<meta property=\"og:image\" content=\"https:\/\/forbetterbeing.com\/wp-content\/uploads\/2016\/11\/formation-225x300.jpg\" \/>\n<meta name=\"twitter:card\" content=\"summary_large_image\" \/>\n<meta name=\"twitter:label1\" content=\"Est. reading time\" \/>\n\t<meta name=\"twitter:data1\" content=\"1 minute\" \/>\n<script type=\"application\/ld+json\" class=\"yoast-schema-graph\">{\"@context\":\"https:\\\/\\\/schema.org\",\"@graph\":[{\"@type\":\"WebPage\",\"@id\":\"https:\\\/\\\/forbetterbeing.com\\\/index.php\\\/fr\\\/ressources\\\/\",\"url\":\"https:\\\/\\\/forbetterbeing.com\\\/index.php\\\/fr\\\/ressources\\\/\",\"name\":\"Ressources - Mieux \u00eatre\",\"isPartOf\":{\"@id\":\"https:\\\/\\\/forbetterbeing.com\\\/#website\"},\"primaryImageOfPage\":{\"@id\":\"https:\\\/\\\/forbetterbeing.com\\\/index.php\\\/fr\\\/ressources\\\/#primaryimage\"},\"image\":{\"@id\":\"https:\\\/\\\/forbetterbeing.com\\\/index.php\\\/fr\\\/ressources\\\/#primaryimage\"},\"thumbnailUrl\":\"https:\\\/\\\/forbetterbeing.com\\\/wp-content\\\/uploads\\\/2016\\\/11\\\/formation-225x300.jpg\",\"datePublished\":\"2022-03-26T13:17:22+00:00\",\"dateModified\":\"2022-03-28T02:14:45+00:00\",\"breadcrumb\":{\"@id\":\"https:\\\/\\\/forbetterbeing.com\\\/index.php\\\/fr\\\/ressources\\\/#breadcrumb\"},\"inLanguage\":\"en-US\",\"potentialAction\":[{\"@type\":\"ReadAction\",\"target\":[\"https:\\\/\\\/forbetterbeing.com\\\/index.php\\\/fr\\\/ressources\\\/\"]}]},{\"@type\":\"ImageObject\",\"inLanguage\":\"en-US\",\"@id\":\"https:\\\/\\\/forbetterbeing.com\\\/index.php\\\/fr\\\/ressources\\\/#primaryimage\",\"url\":\"https:\\\/\\\/forbetterbeing.com\\\/wp-content\\\/uploads\\\/2016\\\/11\\\/formation.jpg\",\"contentUrl\":\"https:\\\/\\\/forbetterbeing.com\\\/wp-content\\\/uploads\\\/2016\\\/11\\\/formation.jpg\",\"width\":750,\"height\":1000,\"caption\":\"Florence Debout - Hi\"},{\"@type\":\"BreadcrumbList\",\"@id\":\"https:\\\/\\\/forbetterbeing.com\\\/index.php\\\/fr\\\/ressources\\\/#breadcrumb\",\"itemListElement\":[{\"@type\":\"ListItem\",\"position\":1,\"name\":\"Home\",\"item\":\"https:\\\/\\\/forbetterbeing.com\\\/index.php\\\/en\\\/home\\\/\"},{\"@type\":\"ListItem\",\"position\":2,\"name\":\"Ressources\"}]},{\"@type\":\"WebSite\",\"@id\":\"https:\\\/\\\/forbetterbeing.com\\\/#website\",\"url\":\"https:\\\/\\\/forbetterbeing.com\\\/\",\"name\":\"Mieux \u00eatre\",\"description\":\"Massage, Yoga, Mindfulness\",\"publisher\":{\"@id\":\"https:\\\/\\\/forbetterbeing.com\\\/#\\\/schema\\\/person\\\/a726b0b7f0859b6cbd3e347c25a08642\"},\"potentialAction\":[{\"@type\":\"SearchAction\",\"target\":{\"@type\":\"EntryPoint\",\"urlTemplate\":\"https:\\\/\\\/forbetterbeing.com\\\/?s={search_term_string}\"},\"query-input\":{\"@type\":\"PropertyValueSpecification\",\"valueRequired\":true,\"valueName\":\"search_term_string\"}}],\"inLanguage\":\"en-US\"},{\"@type\":[\"Person\",\"Organization\"],\"@id\":\"https:\\\/\\\/forbetterbeing.com\\\/#\\\/schema\\\/person\\\/a726b0b7f0859b6cbd3e347c25a08642\",\"name\":\"wingedprincess\",\"image\":{\"@type\":\"ImageObject\",\"inLanguage\":\"en-US\",\"@id\":\"https:\\\/\\\/secure.gravatar.com\\\/avatar\\\/4f237bb229c5fccbb1ce1a6c89dd0f1852cc8b6a835b0aa52fbd0ba65345127d?s=96&d=mm&r=g\",\"url\":\"https:\\\/\\\/secure.gravatar.com\\\/avatar\\\/4f237bb229c5fccbb1ce1a6c89dd0f1852cc8b6a835b0aa52fbd0ba65345127d?s=96&d=mm&r=g\",\"contentUrl\":\"https:\\\/\\\/secure.gravatar.com\\\/avatar\\\/4f237bb229c5fccbb1ce1a6c89dd0f1852cc8b6a835b0aa52fbd0ba65345127d?s=96&d=mm&r=g\",\"caption\":\"wingedprincess\"},\"logo\":{\"@id\":\"https:\\\/\\\/secure.gravatar.com\\\/avatar\\\/4f237bb229c5fccbb1ce1a6c89dd0f1852cc8b6a835b0aa52fbd0ba65345127d?s=96&d=mm&r=g\"}}]}<\/script>\n<!-- \/ Yoast SEO plugin. -->","yoast_head_json":{"title":"Ressources - Mieux \u00eatre","robots":{"index":"index","follow":"follow","max-snippet":"max-snippet:-1","max-image-preview":"max-image-preview:large","max-video-preview":"max-video-preview:-1"},"canonical":"https:\/\/forbetterbeing.com\/index.php\/fr\/ressources\/","og_locale":"en_US","og_type":"article","og_title":"Ressources - Mieux \u00eatre","og_description":"Articles Grignoter ou ne pas grignoter\u2026 La perspective Ayurv\u00e9dique Envie de Chocolat ? La R\u00e9ponse Am\u00e8re. Une introduction aux 6 saveurs selon l\u2019Ayurveda Ayurveda: petits conseils d\u2019automne Petit \u00ab d\u00e9crassage \u00bb de printemps selon l\u2019Ayurveda Antidotes de l\u2019\u00e9t\u00e9 selon l\u2019Ayurveda Yoga et S\u00e9dentarit\u00e9, article de Metrofrance Thai yoga massage, article de Biocontact Le yoga au &hellip; Continue reading Ressources &rarr;","og_url":"https:\/\/forbetterbeing.com\/index.php\/fr\/ressources\/","og_site_name":"Mieux \u00eatre","article_modified_time":"2022-03-28T02:14:45+00:00","og_image":[{"url":"https:\/\/forbetterbeing.com\/wp-content\/uploads\/2016\/11\/formation-225x300.jpg","type":"","width":"","height":""}],"twitter_card":"summary_large_image","twitter_misc":{"Est. reading time":"1 minute"},"schema":{"@context":"https:\/\/schema.org","@graph":[{"@type":"WebPage","@id":"https:\/\/forbetterbeing.com\/index.php\/fr\/ressources\/","url":"https:\/\/forbetterbeing.com\/index.php\/fr\/ressources\/","name":"Ressources - Mieux \u00eatre","isPartOf":{"@id":"https:\/\/forbetterbeing.com\/#website"},"primaryImageOfPage":{"@id":"https:\/\/forbetterbeing.com\/index.php\/fr\/ressources\/#primaryimage"},"image":{"@id":"https:\/\/forbetterbeing.com\/index.php\/fr\/ressources\/#primaryimage"},"thumbnailUrl":"https:\/\/forbetterbeing.com\/wp-content\/uploads\/2016\/11\/formation-225x300.jpg","datePublished":"2022-03-26T13:17:22+00:00","dateModified":"2022-03-28T02:14:45+00:00","breadcrumb":{"@id":"https:\/\/forbetterbeing.com\/index.php\/fr\/ressources\/#breadcrumb"},"inLanguage":"en-US","potentialAction":[{"@type":"ReadAction","target":["https:\/\/forbetterbeing.com\/index.php\/fr\/ressources\/"]}]},{"@type":"ImageObject","inLanguage":"en-US","@id":"https:\/\/forbetterbeing.com\/index.php\/fr\/ressources\/#primaryimage","url":"https:\/\/forbetterbeing.com\/wp-content\/uploads\/2016\/11\/formation.jpg","contentUrl":"https:\/\/forbetterbeing.com\/wp-content\/uploads\/2016\/11\/formation.jpg","width":750,"height":1000,"caption":"Florence Debout - Hi"},{"@type":"BreadcrumbList","@id":"https:\/\/forbetterbeing.com\/index.php\/fr\/ressources\/#breadcrumb","itemListElement":[{"@type":"ListItem","position":1,"name":"Home","item":"https:\/\/forbetterbeing.com\/index.php\/en\/home\/"},{"@type":"ListItem","position":2,"name":"Ressources"}]},{"@type":"WebSite","@id":"https:\/\/forbetterbeing.com\/#website","url":"https:\/\/forbetterbeing.com\/","name":"Mieux \u00eatre","description":"Massage, Yoga, Mindfulness","publisher":{"@id":"https:\/\/forbetterbeing.com\/#\/schema\/person\/a726b0b7f0859b6cbd3e347c25a08642"},"potentialAction":[{"@type":"SearchAction","target":{"@type":"EntryPoint","urlTemplate":"https:\/\/forbetterbeing.com\/?s={search_term_string}"},"query-input":{"@type":"PropertyValueSpecification","valueRequired":true,"valueName":"search_term_string"}}],"inLanguage":"en-US"},{"@type":["Person","Organization"],"@id":"https:\/\/forbetterbeing.com\/#\/schema\/person\/a726b0b7f0859b6cbd3e347c25a08642","name":"wingedprincess","image":{"@type":"ImageObject","inLanguage":"en-US","@id":"https:\/\/secure.gravatar.com\/avatar\/4f237bb229c5fccbb1ce1a6c89dd0f1852cc8b6a835b0aa52fbd0ba65345127d?s=96&d=mm&r=g","url":"https:\/\/secure.gravatar.com\/avatar\/4f237bb229c5fccbb1ce1a6c89dd0f1852cc8b6a835b0aa52fbd0ba65345127d?s=96&d=mm&r=g","contentUrl":"https:\/\/secure.gravatar.com\/avatar\/4f237bb229c5fccbb1ce1a6c89dd0f1852cc8b6a835b0aa52fbd0ba65345127d?s=96&d=mm&r=g","caption":"wingedprincess"},"logo":{"@id":"https:\/\/secure.gravatar.com\/avatar\/4f237bb229c5fccbb1ce1a6c89dd0f1852cc8b6a835b0aa52fbd0ba65345127d?s=96&d=mm&r=g"}}]}},"_links":{"self":[{"href":"https:\/\/forbetterbeing.com\/index.php\/wp-json\/wp\/v2\/pages\/827","targetHints":{"allow":["GET"]}}],"collection":[{"href":"https:\/\/forbetterbeing.com\/index.php\/wp-json\/wp\/v2\/pages"}],"about":[{"href":"https:\/\/forbetterbeing.com\/index.php\/wp-json\/wp\/v2\/types\/page"}],"author":[{"embeddable":true,"href":"https:\/\/forbetterbeing.com\/index.php\/wp-json\/wp\/v2\/users\/1"}],"replies":[{"embeddable":true,"href":"https:\/\/forbetterbeing.com\/index.php\/wp-json\/wp\/v2\/comments?post=827"}],"version-history":[{"count":7,"href":"https:\/\/forbetterbeing.com\/index.php\/wp-json\/wp\/v2\/pages\/827\/revisions"}],"predecessor-version":[{"id":888,"href":"https:\/\/forbetterbeing.com\/index.php\/wp-json\/wp\/v2\/pages\/827\/revisions\/888"}],"wp:attachment":[{"href":"https:\/\/forbetterbeing.com\/index.php\/wp-json\/wp\/v2\/media?parent=827"}],"curies":[{"name":"wp","href":"https:\/\/api.w.org\/{rel}","templated":true}]}}